 is the remainder when j is divided by 164?
160
Suppose -5*p + 91 = -24. Suppose -2*l = -p - 21. Suppose -2*a - 5*t + l = 0, -3*a + 4*a = -4*t + 11. What is the remainder when 26 is divided by a?
4
Let l = 28087 + -15947. What is the remainder when l is divided by 171?
170
Suppose -2*v = 5*o - 29, 0 = v - 3*o + 2 - 0. Suppose 8*g - 1 = v*g. What is the remainder when 27 is divided by 14 - (4 - (g - 1))?
7
Let l(g) = -g**2 + 5*g + 7. Let h be l(6). What is the remainder when (-193)/(-12) + (-2)/24 is divided by 1 + (h - 2/(-1))?
0
Suppose -j = 3*p - 39, 4*p - 2*j = -j + 59. Suppose 0 = -k - 0 - 12, -r - 14 = 6*k + 17. What is the remainder when r is divided by p?
13
Let b = 47 + 76. Suppose 3*c + 4*r = 9*r - 396, 0 = -c + 3*r - 136. Let h = c + 152. What is the remainder when b is divided by h?
23
Let l = 1998 - 1904. Suppose -5*h - 3 - 39 = -2*z, -z - 4*h = -8. Calculate the remainder when l is divided by z.
14
Let u(t) = t**2 + 38*t - 902. What is the remainder when 524 is divided by u(17)?
29
Let g(x) = 22*x**2 - 353*x + 27. What is the remainder when g(16) is divided by 6?
5
Suppose o + s = -0*o + 25, -o + 26 = 2*s. Suppose -2*k = 3*k + 110. Let l = -8 - k. What is the remainder when o is divided by l?
10
Suppose 2*j = -6*j + 456. Let w = j + -49. Suppose 0*o + 9 = o. What is the remainder when o is divided by w?
1
Suppose 3*t + 4*l = -919, 4*l = 3*t - 2*t + 285. Let g be (-8)/(-12) - t/(-3)*-1. What is the remainder when -5*(-8)/20 + 0 + g is divided by 21?
19
Suppose -5*b + h = -2067, 7*h - 2075 = -5*b + 12*h. What is the remainder when b is divided by 14?
7
Let l(r) = -r + 39. Let t = 167 - 114. Suppose z = -d + t, -93 = -3*z + 5*d + 98. Calculate the remainder when z is divided by l(10).
28
Suppose -2*m + m = -4*a - 28, -20 = -2*m - a. What is the remainder when 899 is divided by m?
11
Let y(x) = -11*x - 13. Let c be y(2). Calculate the remainder when (-10)/c - 2580/(-35) is divided by 22.
8
Let c be (-96)/(-36) + (-2)/3. Suppose -c*o + 2 = -2. Suppose 0*p - o*p = -18. Calculate the remainder when 26 is divided by p.
8
Let b(y) = 3*y + 73. Suppose 0 = -12*u + 1062 - 90. Calculate the remainder when u is divided by b(-17).
15
Suppose -4*w + 140 = w. Let r = 14990 + -14908. What is the remainder when r is divided by w?
26
What is the remainder when (-10)/(1160/(-118001)) + (-10)/8 is divided by 162?
44
Let o(w) = -7 + 3 + 2*w**2 + 6 - 2*w + 4*w. Let j be o(-2). Let q(i) = 5*i + 12. Calculate the remainder when q(j) is divided by 11.
9
Let a(o) = -o**3 + 30*o**2 + 33*o + 27. What is the remainder when 363 is divided by a(31)?
7
Suppose -3*g - n = -35, 27*n - 23*n = -2*g. Calculate the remainder when 2407 is divided by g.
13
Suppose 4*p - 15*f + 16*f = 85, 0 = -3*p + 5*f + 104. Suppose 85 = 5*s + 2*h, -3*s + 4*h = -s - 10. Calculate the remainder when p is divided by s.
8
Suppose -m + 298 + 164 = 3*w, 0 = -5*m + 30. Calculate the remainder when w is divided by 3.
2
Let k(s) = -8*s + 4. Let p be k(3). Let v = 796 + -783. What is the remainder when v/((15/p)/(-3)) is divided by 18?
16
Suppose z - 3417 = -5*l + 335, -2*z - 6 = 0. Suppose -5*d + 780 = 3*i + 31, l = 5*d + 2*i. Calculate the remainder when d is divided by 14.
11
Suppose -4*z - 76 = -2*q, 0 = 3*z - q + 39 + 17. Let o = 95 + z. Let a(f) = 5*f. What is the remainder when o is divided by a(2)?
7
Let l be (10/(-4))/((-55)/792). Suppose -4*t - 5*w = -l + 14, 4*t - 2 = 5*w. Calculate the remainder when t is divided by 3.
0
Suppose -142 - 146 = -32*y. Let n(f) = -f**2 + 9*f + 16. Suppose -2*p + 3*p - 63 = 0. Calculate the remainder when p is divided by n(y).
15
What is the remainder when 1929 is divided by (-8 + 5)*(5 + -48)?
123
What is the remainder when (-9)/(-2)*(-36240)/(-216) is divided by 95?
90
Let p(r) be the first derivative of -r**4/4 + r**3 - 3*r**2/2 - r - 119. Calculate the remainder when 182 is divided by p(-3).
58
Let l(c) = 15 + 8 - 2*c - 7. Let f be l(7). Suppose 3*r - f*s + 0*s = 19, s = r - 7. What is the remainder when 7 is divided by r?
2
Suppose -3*d - 4*r = -9*r - 55, d + r = 13. Let x = 16 - d. What is the remainder when 0 - (x + 3 - 86) is divided by 28?
26
Calculate the remainder when (((-6 - -4) + 4)/2)/((-33)/(-53559)) is divided by 35.
13
Let b(k) = -124*k - 119*k - 125*k + 370*k + 19. What is the remainder when b(-7) is divided by 2?
1
Suppose -66*z - 159*z + 25*z = -20200. What is the remainder when 1507 is divided by z?
93
Let k(d) = 4*d**2 + 2*d - 1. What is the remainder when k(4) is divided by (34 - (-726)/(-24)) + 324/16?
23
Let m = 391 + 4. What is the remainder when m is divided by 59?
41
Let s = -369 + 534. What is the remainder when s is divided by 44?
33
Let r(q) = -14*q**2 + 4*q - 9. Let t(u) = -14*u**2 + 5*u - 10. Let i(w) = -4*r(w) + 3*t(w). Calculate the remainder when i(3) is divided by 27.
21
Suppose 53*d - 2*v = 56*d - 434, 138 = d + 2*v. What is the remainder when 175 is divided by d?
27
Suppose 3*x + 9 = 5*t, x = -t + 2*x + 3. Let s be (t - (-4)/(-32)) + (-111)/8. What is the remainder when (-3 + -5)*s/4 is divided by 16?
12
Let d(o) = o**3 + 11*o**2 + 10*o + 13. What is the remainder when 99 is divided by d(-4)?
14
Suppose -6 = -20*i + 17*i. Suppose i*f - 2 = f. Suppose f*n = -2*n + 72. Calculate the remainder when 70 is divided by n.
16
Let k be 2*2 + (15 - (-9 - -1)). Let v = k + -24. Let f = -18 + 30. Calculate the remainder when f is divided by v.
0
Calculate the remainder when ((-197100)/(-39))/12 + (-4)/26 is divided by 95.
41
Let g = 3648 + -3645. Calculate the remainder when 305 is divided by g.
2
Suppose -550*t - 1519 = -652*t - 601. What is the remainder when 10150 is divided by t?
7
Let u be 2/5 - 1044/(-90). Let v(x) = x**2 - 11*x - 10. Let d be v(u). What is the remainder when 39 is divided by -2 + d + (24 - 4)?
19
Let c = -4754 + 5090. Calculate the remainder when 1023 is divided by c.
15
Suppose 28 = 2*j - 0*a + 4*a, 4*j - 80 = -2*a. Let l(i) = i**3 - 21*i**2 + 11*i - 129. Calculate the remainder when l(21) is divided by j.
14
What is the remainder when 517 is divided by (-3645)/(-99) + 10/55?
36
What is the remainder when 3838 is divided by ((-283)/(-4))/(408/1056) - (-30)/(-255)?
178
Suppose -14*p + 6 = -16*p. Let k = 52 - -10. What is the remainder when k is divided by 3/p - (-16 - -2)?
10
Let t(m) = 8*m**2 - 2*m + 3. Let y be t(1). What is the remainder when 17 is divided by (y + 200/(-24))*(-21)/(-2)?
3
Let r = 4287 - 4250. Suppose c - 3*n - 12 = -4*n, 5*c - 4*n - 24 = 0. Calculate the remainder when r is divided by c.
5
Let m(x) = 2*x**3 - x**2 + 15*x - 47. Let r(p) = -p**3 + p**2 - 7*p + 24. Let v(f) = -2*m(f) - 5*r(f). What is the remainder when v(5) is divided by 22?
5
Suppose -4*m + 5*q + 418 = 98, -5*m = -5*q - 395. What is the remainder when 159 is divided by m?
9
Suppose 5 = -7*u + 33. Let c(g) = -2*g**2 + 13*g - 6. Let i = 59 + -6. Calculate the remainder when i is divided by c(u).
11
Let b(v) = -v**2 - 14*v + 20. Suppose -d + 14 = 11. Suppose g = -4*p - 0*p - 52, d*p = -3*g - 48. What is the remainder when b(p) is divided by 12?
8
Let q be 44/6 + 4/6. Suppose -q*a = -13*a + 10. Suppose -10*r = -a*r - 552. Calculate the remainder when r is divided by 18.
15
Let c(s) = 54*s - 3388. Calculate the remainder when (-522)/(-14) + 2/(-7) is divided by c(63).
9
Let l = -16893 - -16896. Calculate the remainder when (-424)/(-10) - 10/25 is divided by l.
0
Let p(y) be the second derivative of 2*y**3/3 + 94*y**2 - 16*y - 3. Calculate the remainder when 117 is divided by p(-38).
9
Let p(x) be the first derivative of -x**4/4 - 8*x**3/3 + 7*x**2/2 - 10*x - 3. Calculate the remainder when (37 - (3 + 0/(-2))) + 3 is divided by p(-9).
5
Let l be (-329)/(-28) - 12/16. Let y = l + 5. Calculate the remainder when 95 is divided by y.
15
Suppose 41080 = 20*u + 7840. Calculate the remainder when 1675 is divided by u.
13
Let w(b) = -4*b + 10. Suppose -2*p - 2*k + 10 = 0, 2*p - 2*k + 20 = 2*k. Suppose f + 5 - 24 = p. Calculate the remainder when w(-16) is divided by f.
17
Let p(l) = -l - 1. Let x = -380 - -511. Suppose 4*k - 3*t = x, 4*t + 53 + 111 = 5*k. Calculate the remainder when k is divided by p(-4).
2
Let v(g) = -46*g + 306. Let k be v(15). Let m = 1333 + -782. Let n = m + k. Calculate the remainder when n is divided by 2